ed by 3835.
3797
Calculate the remainder when 89011 is divided by 2981.
2562
What is the remainder when 321459773 is divided by 6046?
6045
What is the remainder when 27879 is divided by 3203?
2255
Calculate the remainder when 4758 is divided by 64.
22
What is the remainder when 552241 is divided by 299?
287
What is the remainder when 75663104 is divided by 15?
14
What is the remainder when 77669759 is divided by 10?
9
Calculate the remainder when 113094 is divided by 13.
7
What is the remainder when 3232741 is divided by 982?
979
What is the remainder when 42131848 is divided by 104?
96
What is the remainder when 621125 is divided by 18819?
98
Calculate the remainder when 39680 is divided by 39650.
30
What is the remainder when 136648 is divided by 136647?
1
Calculate the remainder when 1649130 is divided by 176.
10
What is the remainder when 34802 is divided by 5758?
254
What is the remainder when 57608142 is divided by 139487?
11
Calculate the remainder when 141184 is divided by 87.
70
Calculate the remainder when 1988385 is divided by 1380.
1185
Calculate the remainder when 8685576 is divided by 476.
4
What is the remainder when 5926271 is divided by 1342?
1341
What is the remainder when 375743 is divided by 9887?
37
What is the remainder when 5018547 is divided by 11?
6
What is the remainder when 3912 is divided by 3458?
454
Calculate the remainder when 2191295 is divided by 652.
575
What is the remainder when 1676663 is divided by 36?
35
What is the remainder when 60549 is divided by 68?
29
What is the remainder when 31481600 is divided by 924?
920
Calculate the remainder when 85594838 is divided by 10699354.
6
What is the remainder when 171009109 is divided by 314?
313
What is the remainder when 58925029 is divided by 60374?
5
What is the remainder when 8921556 is divided by 446074?
76
Calculate the remainder when 641929 is divided by 300.
229
Calculate the remainder when 3442124 is divided by 32782.
14
What is the remainder when 1540688 is divided by 35829?
41
Calculate the remainder when 1689557 is divided by 2305.
2297
Calculate the remainder when 1363082 is divided by 7205.
1337
What is the remainder when 147563 is divided by 1200?
1163
Calculate the remainder when 6748293 is divided by 716.
709
Calculate the remainder when 7991106 is divided by 19.
10
Calculate the remainder when 54557922 is divided by 72.
66
What is the remainder when 10573 is divided by 368?
269
Calculate the remainder when 3321565 is divided by 36499.
156
Calculate the remainder when 6960828 is divided by 1348.
1104
What is the remainder when 197644 is divided by 59?
53
What is the remainder when 6794804 is divided by 81865?
9
What is the remainder when 58383 is divided by 28497?
1389
Calculate the remainder when 52431 is divided by 17414.
189
What is the remainder when 451822 is divided by 619?
571
What is the remainder when 1532337 is divided by 51?
42
What is the remainder when 54298 is divided by 2956?
1090
What is the remainder when 13965 is divided by 1299?
975
What is the remainder when 807776 is divided by 106?
56
What is the remainder when 16779298 is divided by 6363?
67
Calculate the remainder when 309365 is divided by 77341.
1
Calculate the remainder when 437529 is divided by 33367.
3758
What is the remainder when 8241218 is divided by 1648243?
3
Calculate the remainder when 922948 is divided by 27.
7
Calculate the remainder when 216778540 is divided by 218.
212
What is the remainder when 120161662 is divided by 192?
190
What is the remainder when 727039 is divided by 546?
313
Calculate the remainder when 7954317 is divided by 1325714.
33
Calculate the remainder when 5527300 is divided by 323.
124
Calculate the remainder when 15181 is divided by 3763.
129
What is the remainder when 188133317 is divided by 110797?
11
Calculate the remainder when 473880 is divided by 157947.
39
Calculate the remainder when 28352010 is divided by 2647.
2640
Calculate the remainder when 40566 is divided by 100.
66
Calculate the remainder when 903125 is divided by 169.
158
What is the remainder when 9167123 is divided by 861?
56
Calculate the remainder when 51082 is divided by 1901.
1656
What is the remainder when 17159331 is divided by 8?
3
Calculate the remainder when 1062867 is divided by 1062862.
5
Calculate the remainder when 409944 is divided by 102482.
16
Calculate the remainder when 7545 is divided by 81.
12
Calculate the remainder when 83912 is divided by 7530.
1082
Calculate the remainder when 38509281 is divided by 4323.
4320
Calculate the remainder when 433011 is divided by 143081.
3768
Calculate the remainder when 201022 is divided by 1385.
197
What is the remainder when 709079 is divided by 109?
34
What is the remainder when 5894 is divided by 5723?
171
Calculate the remainder when 10705432 is divided by 1338177.
16
Calculate the remainder when 6069843 is divided by 173.
138
What is the remainder when 8256842 is divided by 49?
48
What is the remainder when 23350467 is divided by 771?
732
What is the remainder when 128712 is divided by 16?
8
Calculate the remainder when 90712 is divided by 1685.
1407
Calculate the remainder when 31519849 is divided by 456809.
28
Calculate the remainder when 1044700 is divided by 16847.
186
Calculate the remainder when 15691 is divided by 346.
121
What is the remainder when 392256951 is divided by 131?
114
What is the remainder when 64598 is divided by 13380?
11078
What is the remainder when 173153 is divided by 43072?
865
Calculate the remainder when 104134586 is divided by 17.
15
What is the remainder when 246735 is divided by 3580?
3295
What is the remainder when 9237416 is divided by 3074?
46
What is the remainder when 1664071 is divided by 3288?
343
Calculate the remainder when 2353696 is divided by 588419.
20
What is the remainder when 47883 is divided by 87?
33
What is the remainder when 3331632400 is divided by 4802?
4800
Calculate the remainder when 89866 is divided by 363.
205
Calculate the remainder when 29126626 is divided by 1261.
48
Calculate the remainder when 180339 is divided by 178940.
1399
What is the remainder when 73066409 is divided by 2745?
2744
What is the remainder when 741143 is divided by 247015?
98
What is the remainder when 1119877 is divided by 663?
70
Calculate the remainder when 622107 is divided by 2.
1
What is the remainder when 3072237 is divided by 20212?
13
What is the remainder when 18323597 is divided by 18323572?
25
Calculate the remainder when 227968 is divided by 4582.
3450
Calculate the remainder when 140632 is divided by 374.
8
Calculate the remainder when 38968 is divided by 2918.
1034
What is the remainder when 77317847 is divided by 1593?
1592
Calculate the remainder when 113533 is divided by 105.
28
What is the remainder when 25418 is divided by 24405?
1013
Calculate the remainder when 41539420 is divided by 121.
120
What is the remainder when 334881 is divided by 250?
131
What is the remainder when 442774 is divided by 14237?
1427
Calculate the remainder when 270305 is divided by 2758.
21
Calculate the remainder when 156698 is divided by 22190.
1368
Calculate the remainder when 1071141 is divided by 119014.
15
Calculate the remainder when 3796377 is divided by 140.
137
What is the remainder when 2216223 is divided by 45229?
2
What is the remainder when 4356315 is divided by 56?
19
Calculate the remainder when 7579546 is divided by 7274.
38
Calculate the remainder when 11014 is divided by 1058.
434
Calculate the remainder when 273345 is divided by 593.
565
What is the remainder when 11731947 is divided by 11731918?
29
What is the remainder when 12954675 is divided by 22?
19
What is the remainder when 11776675 is divided by 773?
20
Calculate the remainder when 523863 is divided by 1484.
11
What is the remainder when 225509 is divided by 11?
9
Calculate the remainder when 668730 is divided by 73.
50
What is the remainder when 4560316 is divided by 721?
712
Calculate the remainder when 368466 is divided by 375.
216
Calculate the remainder when 27111756 is divided by 17.
3
What is the remainder when 8244251 is divided by 1024?
27
Calculate the remainder when 42295795 is divided by 341095.
15
What is the remainder when 19434751 is divided by 5031?
5029
Calculate the remainder when 